4
In base 8, what is 27 + -42?
-13
In base 5, what is 10112 - 1?
10111
In base 11, what is 2 + -47?
-45
In base 2, what is -110001 + -11011000?
-100001001
In base 11, what is 864 - -5?
869
In base 13, what is c2 - 1?
c1
In base 6, what is 24003 - 4?
23555
In base 12, what is -93 - 7?
-9a
In base 8, what is 1421 - -7?
1430
In base 3, what is 2001 - 1010?
221
In base 4, what is -320011 + 3?
-320002
In base 2, what is -1 - -1010101?
1010100
In base 14, what is -2 - b7?
-b9
In base 3, what is -22 - 1001?
-1100
In base 16, what is 1c - b?
11
In base 12, what is 28 - 10?
18
In base 8, what is 2 + 14070?
14072
In base 13, what is -2 + -104?
-106
In base 15, what is -e + 1?
-d
In base 14, what is -912 - 1?
-913
In base 11, what is 1 + 118?
119
In base 16, what is f - 7b?
-6c
In base 11, what is 2 - -17?
19
In base 13, what is -1 + -cc3?
-cc4
In base 10, what is -4 - 1893?
-1897
In base 16, what is -19 - 5?
-1e
In base 9, what is -28 - -27?
-1
In base 15, what is 1935 + -2?
1933
In base 7, what is 5 - -335?
343
In base 11, what is -528 + -5?
-532
In base 12, what is 1 + -12?
-11
In base 7, what is 0 - -534?
534
In base 5, what is 4104 - -12?
4121
In base 3, what is -211 + -111?
-1022
In base 13, what is 3 + -c?
-9
In base 6, what is -1 - -144?
143
In base 14, what is 52 + 5?
57
In base 9, what is 5 + 56?
62
In base 5, what is 3 + 12404?
12412
In base 12, what is -4 - -4505?
4501
In base 7, what is 3246 - -5?
3254
In base 4, what is -10 - 21131?
-21201
In base 6, what is -5551 + 5?
-5542
In base 7, what is 2 + 1241?
1243
In base 2, what is 0 - -100010111?
100010111
In base 9, what is 4 - -151?
155
In base 14, what is 117 - 1d?
d8
In base 3, what is -21100 + -201?
-22001
In base 7, what is 5225 - 5?
5220
In base 6, what is 1 - -21?
22
In base 3, what is 10111 + -21?
10020
In base 10, what is 2768 + -1?
2767
In base 16, what is -4e + 3?
-4b
In base 10, what is -8 + 19?
11
In base 9, what is -8 + -11?
-20
In base 12, what is -1 - -36?
35
In base 4, what is 13231 + 1?
13232
In base 9, what is 11 - 1?
10
In base 10, what is -308 - 3?
-311
In base 11, what is -4 + 63?
5a
In base 7, what is 1 + -2513?
-2512
In base 5, what is -12 + -433?
-1000
In base 11, what is 1 - a31?
-a30
In base 13, what is -26 + -5?
-2b
In base 8, what is 13 - 640?
-625
In base 2, what is -100 + 101?
1
In base 11, what is -18 - -47?
2a
In base 15, what is 5 + 20?
25
In base 5, what is -103 + -344?
-1002
In base 14, what is c98 - -5?
c9d
In base 6, what is -135 - 104?
-243
In base 10, what is -837 - 3?
-840
In base 14, what is 0 - 3?
-3
In base 12, what is -5578 - -5?
-5573
In base 2, what is -11001110 + -1000?
-11010110
In base 15, what is 9b + 3?
9e
In base 15, what is 0 - -996?
996
In base 10, what is -1049 - -6?
-1043
In base 12, what is 1 - -2b?
30
In base 14, what is 1 - -38?
39
In base 10, what is -517 + -18?
-535
In base 8, what is -5626 - -5?
-5621
In base 10, what is 385 - -4?
389
In base 2, what is -1 + 1110011?
1110010
In base 5, what is 342 + -1242?
-400
In base 7, what is 2 + -36?
-34
In base 12, what is -12a6 - 0?
-12a6
In base 8, what is 0 + -2?
-2
In base 14, what is 2 + 68?
6a
In base 13, what is 3 - -94?
97
In base 13, what is 17 + cc?
116
In base 10, what is 5 + -79?
-74
In base 15, what is -5 + -4c?
-52
In base 5, what is 244010 + 1?
244011
In base 7, what is -5 - 3661?
-3666
In base 3, what is 201 - 120?
11
In base 7, what is 42 - -20?
62
In base 2, what is -10010 + 10000110?
1110100
In base 3, what is 2 + -1012?
-1010
In base 8, what is 17 - -2661?
2700
In base 5, what is 34 - 11?
23
In base 16, what is 15e + -3?
15b
In base 2, what is 10111001011001 + 100?
10111001011101
In base 10, what is 122 - -2?
124
In base 4, what is 31313 + 3?
31322
In base 2, what is 110001011 + 0?
110001011
In base 5, what is -212033 - 1?
-212034
In base 6, what is 0 - -2031?
2031
In base 13, what is 2169 + -3?
2166
In base 9, what is -3 + 103?
100
In base 7, what is -2624 - -21?
-2603
In base 6, what is 2 + -102?
-100
In base 10, what is 4 + -130?
-126
In base 3, what is 1111 + 0?
1111
In base 13, what is -998 + 1?
-997
In base 10, what is -4657 - -2?
-4655
In base 7, what is -125 - -6?
-116
In base 2, what is -101 + -11000100?
-11001001
In base 12, what is -7 + -9?
-14
In base 5, what is 201 + 3?
204
In base 15, what is -97a - 0?
-97a
In base 2, what is -100 + -11001100?
-11010000
In base 16, what is 109 - 2?
107
In base 16, what is bb8 + 1?
bb9
In base 8, what is -22 + -211?
-233
In base 11, what is -711 - -4?
-708
In base 3, what is 10 + 220?
1000
In base 4, what is 10 - 10?
0
In base 10, what is 5 - 6474?
-6469
In base 5, what is 102 + 3022?
3124
In base 5, what is -2 - -440?
433
In base 8, what is 4533 - -2?
4535
In base 15, what is -384 + 3?
-381
In base 15, what is -2b7 + 5?
-2b2
In base 5, what is -131 - 2?
-133
In base 10, what is -14 - 163?
-177
In base 12, what is -681 + 6?
-677
In base 12, what is -2117 + 1?
-2116
In base 3, what is 2120 + 220?
10110
In base 6, what is -12 + 34?
22
In base 16, what is -b - -11d?
112
In base 5, what is 12 - 2413?
-2401
In base 10, what is 19 - 125?
-106
In base 4, what is -2330221 + 2?
-2330213
In base 3, what is -102112 + 2?
-102110
In base 6, what is -2 - -100?
54
In base 14, what is 66c6 - -2?
66c8
In base 7, what is -100 + -2?
-102
In base 14, what is -375 - 2?
-377
In base 15, what is 63 + -3?
60
In base 6, what is -12 + -135?
-151
In base 13, what is -8c + -4?
-93
In base 3, what is 1221000 + 12?
1221012
In base 9, what is 1 + -88?
-87
In base 6, what is 210 + 122?
332
In base 6, what is -102 + 522?
420
In base 10, what is 288 - 2?
286
In base 6, what is 4432 - -11?
4443
In base 15, what is -3 - 171d?
-1721
In base 2, what is 10000010 - -101?
10000111
In base 14, what is -a + 4a0?
494
In base 12, what is -9 + -b?
-18
In base 4, what is 2 - -12232?
12300
In base 7, what is -3 + -216?
-222
In base 4, what is -11 + 130210?
130133
In base 15, what is -4 - -1162?
115d
In base 14, what is -10d - -3?
-10a
In base 13, what is 3a - 1?
39
In base 15, what is -894 - 2?
-896
In base 2, what is 110011001 - 101?
110010100
In base 15, what is e1 - -2?
e3
In base 12, what is -7363 - 5?
-7368
In base 13, what is 16 + -30?
-17
In base 15, what is 6c8 + -1?
6c7
In base 10, what is 1095 - -3?
1098
In base 10, what is 48 + 30?
78
In base 3, what is 2 + 1121210?
1121212
In base 2, what is -1 - 110000010?
-110000011
In base 10, what is 40 + 4?
44
In base 13, what is 171 - -3?
174
In base 10, what is 2235 + -1?
2234
In base 14, what is -23ad - 0?
-23ad
In base 15, what is e - -7?
16
In base 13, what is -111 - -2?
-10c
In base 3, what is -100 - 210?
-1010
In base 6, what is 10 - -142?
152
In base 15, what is 5 - 7d?
-78
In base 5, what is -114 - 20?
-134
In base 5, what is -13 - 30143?
-30211
In base 11, what is 3607 - -2?
3609
In base 3, what is 2022 - -1000?
10022
In base 3, what is 1102 - -12?
1121
In base 13, what is -141 - -4?
-13a
In base 10, what is -1 + 36?
35
In base 15, what is -9 + 99?
90
In base 2, what is -101 + -110000010011?
-110000011000
In base 12, what is 16 - -19?
33
In base 10, what is 1062 + -4?
1058
In base 2, what is -11000011 + 1010?
-10111001
In base 15, what is -5 - 8e?
-94
In base 2, what is -101 + -11101?
-100010
In base 16, what is -30 - 5?
-35
In base 15, what is -117 + -3?
-11a
In base 3, what is 11110 + 12?
11122
In base 14, what is 926 + 1?
927
In base 11, what is -138 - 0?
-138
In base 10, what is -150 - -4?
-146
In base 13, what is -1c + -a?
-29
In base 13, what is -8b30 + -3?
-8b33
In base 16, what is 22d - -e?
23b
In base 8, what is 0 + 443?
443
In base 9, what is -143 + 34?
-108
In base 10, what is 9084 + 1?
9085
In base 3, what is 1101200 + 1?
1101201
In base 14, what is 7b + 2?
7d
In base 10, what is -239 - -1?
-238
In base 14, what is 4 + -5c?
-58
In base 2, what is -1 - 10110000110?
-10110000111
In base 10, what is -2794 - 2?
-2796
In base 8, what is -330 - -4?
-324
In base 3, what is -1 - -1122000?
1121222
In base 12, what is -4 + -240?
-244
In base 2, what is 100 + 1010000?
1010100
In base 15, what is 2 + 114?
116
In base 8, what is -133 - 17?
-152
In base 15, what is -eb0 + 3?
-eac
In base 8, what is -202 + -3?
-205
In base 12, what is -3455 + 4?
-3451
In base 8, what is 3156 + -4?
3152
In base 10, what is -4 + 4